what is 322 + 2212023?
2213011
In base 9, what is 444 + 44?
488
In base 14, what is -820c - 1a?
-8228
In base 10, what is -16 + -292?
-308
In base 2, what is -11100001011001110 + 0?
-11100001011001110
In base 16, what is -2652a + 1?
-26529
In base 15, what is -3 + -5958e?
-59592
In base 8, what is -1264 - 20?
-1304
In base 9, what is -4 + 168712?
168707
In base 7, what is 65 - 234?
-136
In base 2, what is -111110 + -101001111001001?
-101010000000111
In base 12, what is -1a6 - -1?
-1a5
In base 11, what is -2 + -33a868?
-33a86a
In base 7, what is -3 - -316300?
316264
In base 12, what is -201 + 1b06?
1905
In base 7, what is 660616 - -6?
660625
In base 2, what is -1010000 + -101001001?
-110011001
In base 5, what is -10 + 12030203?
12030143
In base 7, what is -2055 - 64?
-2152
In base 7, what is -5 + 25230?
25222
In base 8, what is -135 + -25157?
-25314
In base 10, what is 72 - -4062?
4134
In base 2, what is -10 - -1001101010101011?
1001101010101001
In base 16, what is 16d - 124?
49
In base 13, what is -2 + 34c?
34a
In base 4, what is -2021112 - -3?
-2021103
In base 4, what is 3031 + 22303?
32000
In base 14, what is 73 + 407?
47a
In base 9, what is 22 - -4338?
4361
In base 10, what is 8 - 182530?
-182522
In base 13, what is 2a4 + -3417?
-3143
In base 6, what is -15332 + -15?
-15351
In base 7, what is -425 - 166?
-624
In base 3, what is -212120112 + 201?
-212112211
In base 11, what is 30a7 + -4?
30a3
In base 8, what is 21 - -13166?
13207
In base 3, what is -1011 + -10120021200?
-10120022211
In base 6, what is 121135 - -101?
121240
In base 11, what is -1378 - 99?
-1466
In base 16, what is -3a52a0 - 1?
-3a52a1
In base 2, what is 101 + -1100101101111?
-1100101101010
In base 12, what is -2465 - 101?
-2566
In base 3, what is -12 + -1001110101212?
-1001110102001
In base 15, what is ce22 - -4?
ce26
In base 12, what is 143 - -b0?
233
In base 3, what is -10220 - 1020001?
-1100221
In base 10, what is -981 - 1?
-982
In base 2, what is -1110001100001 + -1001?
-1110001101010
In base 7, what is 4 - 35131?
-35124
In base 11, what is -242a + -241?
-2670
In base 10, what is -18493 - -176?
-18317
In base 8, what is 74 + -4012?
-3716
In base 16, what is -7d1d + 2?
-7d1b
In base 14, what is aa073 + c?
aa081
In base 16, what is -1 - 34be8?
-34be9
In base 8, what is 20047 - 120?
17727
In base 4, what is -20 - -1212101?
1212021
In base 11, what is -137 + 1361?
1225
In base 14, what is 19cd9 + b?
19d06
In base 9, what is -10344 + -6?
-10351
In base 5, what is 10240 - 11332?
-1042
In base 13, what is -2 + -4178?
-417a
In base 4, what is 20121 + -11001?
3120
In base 11, what is 18681 - -238?
18909
In base 2, what is 101100001010101 - 1001?
101100001001100
In base 6, what is -5 - 20434254?
-20434303
In base 12, what is -5 - 7ba?
-803
In base 6, what is 1535541 - 5?
1535532
In base 5, what is 1 - -4310413?
4310414
In base 3, what is -110000202 - -1?
-110000201
In base 14, what is -29c + -1743?
-1a01
In base 11, what is 28 - -5262?
528a
In base 16, what is 27481 + 3?
27484
In base 6, what is 3 + 112041122?
112041125
In base 7, what is -6265 - -21?
-6244
In base 15, what is 2beb1 - 4?
2beac
In base 5, what is 10 - 111024410?
-111024400
In base 13, what is -33 + -194?
-1c7
In base 2, what is -1 - -100101100101101011?
100101100101101010
In base 13, what is 4 + -25052?
-2504b
In base 10, what is 590 - -149?
739
In base 16, what is 12 + -6f5?
-6e3
In base 7, what is -1006 - -344?
-332
In base 11, what is -3 - 11858?
-11860
In base 11, what is 11095 - -117?
11201
In base 6, what is -240123 + 4?
-240115
In base 7, what is 232440 + -15?
232422
In base 16, what is -4 + -3553?
-3557
In base 3, what is -2002101112 + 0?
-2002101112
In base 16, what is 1db - 94?
147
In base 7, what is 4066462 + 5?
4066500
In base 10, what is -61494 - 1?
-61495
In base 5, what is 4340 - -400?
10240
In base 14, what is -2 + b3a?
b38
In base 15, what is 4075 + 26?
409b
In base 8, what is 415006 - -6?
415014
In base 14, what is -1a82 - -8d?
-19d3
In base 12, what is -1396b - 2?
-13971
In base 16, what is c11 + 4?
c15
In base 10, what is 5 + 28155?
28160
In base 9, what is -160 - 316?
-476
In base 12, what is 1062 - 42?
1020
In base 9, what is -22315 - -75?
-22230
In base 8, what is -16173 - -7?
-16164
In base 6, what is -1202 - 222?
-1424
In base 14, what is -4c5d + -35?
-4c94
In base 3, what is -12220 - 12011212?
-12101202
In base 2, what is -1100110111101000 - 0?
-1100110111101000
In base 11, what is 234 + -1342?
-1109
In base 11, what is -3 - 12190?
-12193
In base 16, what is 2 + 33e3?
33e5
In base 11, what is -64a - 19?
-668
In base 2, what is 1010000100001000101010 + -100?
1010000100001000100110
In base 4, what is 1100 + 3321113?
3322213
In base 2, what is 110101101001 + 1101?
110101110110
In base 2, what is 10001010110011111 - -101?
10001010110100100
In base 8, what is 125272 + 5?
125277
In base 3, what is -1022 + 101002202?
101001110
In base 11, what is -6 - 19187a?
-191885
In base 16, what is 575 - 4?
571
In base 16, what is -1159 - -16?
-1143
In base 8, what is -1265411 - 4?
-1265415
In base 5, what is 3401 + -32421?
-24020
In base 10, what is -318726 - -3?
-318723
In base 13, what is 77b77 + 5?
77b7c
In base 3, what is 1121111201 - 12?
1121111112
In base 10, what is 3 - -54750?
54753
In base 12, what is 21286 - -10?
21296
In base 13, what is -47242 + -16?
-47258
In base 12, what is -b4 + 23?
-91
In base 13, what is 74 + 455?
4c9
In base 15, what is -3d + -25c?
-29a
In base 11, what is a5018 - -5?
a5022
In base 15, what is 1c0b + -27?
1bd4
In base 8, what is 1521 - -474?
2215
In base 15, what is a7 - 362e?
-3577
In base 13, what is -1 - 60067?
-60068
In base 13, what is -1 - a7a1?
-a7a2
In base 12, what is -60b9b6 - 0?
-60b9b6
In base 14, what is -c35d - 3?
-c362
In base 6, what is 20021115 - -1?
20021120
In base 8, what is 3 - 4344577?
-4344574
In base 9, what is -433684 + -1?
-433685
In base 6, what is -24525 + -322?
-25251
In base 7, what is -2 - 216604?
-216606
In base 3, what is 12102 + -20001221?
-12212112
In base 11, what is 1086a + -15?
10855
In base 3, what is -100 - 12010221?
-12011021
In base 13, what is -2286 + -14?
-229a
In base 7, what is -260141 + 65?
-260043
In base 10, what is 15 - 7326?
-7311
In base 7, what is -2 - 21101?
-21103
In base 16, what is 1 + -13811?
-13810
In base 10, what is -19719 + -3?
-19722
In base 13, what is 5 - -408?
410
In base 12, what is 22aa - 21?
2289
In base 13, what is cc - -11a9?
12a8
In base 16, what is 5 - b350?
-b34b
In base 10, what is -4 + 21967?
21963
In base 15, what is -62 - 680?
-6e2
In base 5, what is 4141101103 - -10?
4141101113
In base 3, what is 2210102 + -2120202?
12200
In base 15, what is 6d - 87?
-19
In base 7, what is 43142 - -36?
43211
In base 15, what is d + -b93?
-b85
In base 3, what is -2101220 - 2020?
-2111010
In base 3, what is -1211 + 1000122?
221211
In base 15, what is -3c4e + -2?
-3c51
In base 2, what is 100101001001 - -100011011?
101001100100
In base 5, what is -12034140 + 3?
-12034132
In base 5, what is -104120 + 1100?
-103020
In base 3, what is 10 - 20112122?
-20112112
In base 9, what is 2 + -316203?
-316201
In base 5, what is -33001 - -12?
-32434
In base 11, what is 90 - -13690?
13770
In base 7, what is -26 - 104454?
-104513
In base 4, what is -303 + -1221213?
-1222122
In base 5, what is -3032 + 112444?
104412
In base 5, what is 2212324 + 3?
2212332
In base 3, what is -10100010 + 2121?
-10020112
In base 2, what is -110100 + 1010110111?
1010000011
In base 9, what is 1 - -1732245?
1732246
In base 5, what is -301 - -42430?
42124
In base 15, what is -1 - 42dbd?
-42dbe
In base 2, what is -10100001 + -101000010100110?
-101000101000111
In base 13, what is -1843 + 6c6?
-114a
In base 9, what is 7080 - 2?
7077
In base 11, what is -7058 + 37?
-7021
In base 6, what is -3 + 25512124?
25512121
In base 8, what is -25515415 - -2?
-25515413
In base 12, what is 0 - 1838?
-1838
In base 6, what is 3314 + -15?
3255
In base 16, what is -513a - -27?
-5113
In base 11, what is 1503 - 141?
1372
In base 14, what is 5 + 160a0?
160a5
In base 2, what is 111101001000101001 - -1000?
111101001000110001
In base 16, what is -103f4 + 2?
-103f2
In base 15, what is -7ca + 3?
-7c7
In base 4, what is -21122 + -1233?
-23021
In base 13, what is 7 + 2b4b2?
2b4b9
In